{"id":999,"date":"2022-07-07T15:08:02","date_gmt":"2022-07-07T20:08:02","guid":{"rendered":"https:\/\/erotoys.pe\/?post_type=product&#038;p=999"},"modified":"2023-05-16T10:04:13","modified_gmt":"2023-05-16T15:04:13","slug":"venda-para-ojos-renegade-bondage","status":"publish","type":"product","link":"https:\/\/erotoys.pe\/index.php\/producto\/venda-para-ojos-renegade-bondage\/","title":{"rendered":"Venda para Ojos &#8211; Renegade Bondage"},"content":{"rendered":"<ul>\n<li>La venda Renegade Bondage est\u00e1 hecha de vinil de excelente calidad. Se adapta f\u00e1cilmente a tu cabeza gracias a su el\u00e1stico.<\/li>\n<li>Suave al tacto.<\/li>\n<li>Ideal para juegos BDSM (sumisi\u00f3n, etc.).<\/li>\n<li>Hecho de vinilo duradero, f\u00e1cil de limpiar, f\u00e1cil de usar.<\/li>\n<\/ul>\n","protected":false},"excerpt":{"rendered":"<p>PVP: S\/ 99.00<\/p>\n","protected":false},"featured_media":1103,"comment_status":"closed","ping_status":"closed","template":"","meta":[],"product_brand":[],"product_cat":[24],"product_tag":[48],"class_list":{"0":"post-999","1":"product","2":"type-product","3":"status-publish","4":"has-post-thumbnail","6":"product_cat-bdsm","7":"product_tag-bdsm","9":"first","10":"instock","11":"shipping-taxable","12":"product-type-simple"},"_links":{"self":[{"href":"https:\/\/erotoys.pe\/index.php\/wp-json\/wp\/v2\/product\/999","targetHints":{"allow":["GET"]}}],"collection":[{"href":"https:\/\/erotoys.pe\/index.php\/wp-json\/wp\/v2\/product"}],"about":[{"href":"https:\/\/erotoys.pe\/index.php\/wp-json\/wp\/v2\/types\/product"}],"replies":[{"embeddable":true,"href":"https:\/\/erotoys.pe\/index.php\/wp-json\/wp\/v2\/comments?post=999"}],"wp:featuredmedia":[{"embeddable":true,"href":"https:\/\/erotoys.pe\/index.php\/wp-json\/wp\/v2\/media\/1103"}],"wp:attachment":[{"href":"https:\/\/erotoys.pe\/index.php\/wp-json\/wp\/v2\/media?parent=999"}],"wp:term":[{"taxonomy":"product_brand","embeddable":true,"href":"https:\/\/erotoys.pe\/index.php\/wp-json\/wp\/v2\/product_brand?post=999"},{"taxonomy":"product_cat","embeddable":true,"href":"https:\/\/erotoys.pe\/index.php\/wp-json\/wp\/v2\/product_cat?post=999"},{"taxonomy":"product_tag","embeddable":true,"href":"https:\/\/erotoys.pe\/index.php\/wp-json\/wp\/v2\/product_tag?post=999"}],"curies":[{"name":"wp","href":"https:\/\/api.w.org\/{rel}","templated":true}]}}