{"id":919,"date":"2022-07-07T15:06:07","date_gmt":"2022-07-07T20:06:07","guid":{"rendered":"https:\/\/erotoys.pe\/?post_type=product&#038;p=919"},"modified":"2023-05-16T10:04:27","modified_gmt":"2023-05-16T15:04:27","slug":"plug-anal-rose-gold-small","status":"publish","type":"product","link":"https:\/\/erotoys.pe\/index.php\/producto\/plug-anal-rose-gold-small\/","title":{"rendered":"Plug Anal Rose Gold &#8211; Small"},"content":{"rendered":"<p>Rear Assets es un plug anal hecho de aluminio liviano y con forma para una penetraci\u00f3n sin esfuerzo, este juguete anal es seguro para el cuerpo y es apto para todos los lubricantes.<\/p>\n<ul>\n<li>Dise\u00f1ado con una base en forma de coraz\u00f3n y una hermosa piedra preciosa de imitaci\u00f3n de color rosa.<\/li>\n<li>Dise\u00f1ado con una punta c\u00f3nica para una f\u00e1cil inserci\u00f3n, y una base resistente para evitar la inserci\u00f3n excesiva y para una f\u00e1cil recuperaci\u00f3n.<\/li>\n<li>Dimensiones insertables: 4.4 cm x 2.6 cm.<\/li>\n<\/ul>\n","protected":false},"excerpt":{"rendered":"<p>PVP: S\/ 129.00<\/p>\n","protected":false},"featured_media":1034,"comment_status":"closed","ping_status":"closed","template":"","meta":[],"product_brand":[],"product_cat":[19],"product_tag":[40],"class_list":{"0":"post-919","1":"product","2":"type-product","3":"status-publish","4":"has-post-thumbnail","6":"product_cat-anales","7":"product_tag-ano","9":"first","10":"instock","11":"shipping-taxable","12":"product-type-simple"},"_links":{"self":[{"href":"https:\/\/erotoys.pe\/index.php\/wp-json\/wp\/v2\/product\/919","targetHints":{"allow":["GET"]}}],"collection":[{"href":"https:\/\/erotoys.pe\/index.php\/wp-json\/wp\/v2\/product"}],"about":[{"href":"https:\/\/erotoys.pe\/index.php\/wp-json\/wp\/v2\/types\/product"}],"replies":[{"embeddable":true,"href":"https:\/\/erotoys.pe\/index.php\/wp-json\/wp\/v2\/comments?post=919"}],"wp:featuredmedia":[{"embeddable":true,"href":"https:\/\/erotoys.pe\/index.php\/wp-json\/wp\/v2\/media\/1034"}],"wp:attachment":[{"href":"https:\/\/erotoys.pe\/index.php\/wp-json\/wp\/v2\/media?parent=919"}],"wp:term":[{"taxonomy":"product_brand","embeddable":true,"href":"https:\/\/erotoys.pe\/index.php\/wp-json\/wp\/v2\/product_brand?post=919"},{"taxonomy":"product_cat","embeddable":true,"href":"https:\/\/erotoys.pe\/index.php\/wp-json\/wp\/v2\/product_cat?post=919"},{"taxonomy":"product_tag","embeddable":true,"href":"https:\/\/erotoys.pe\/index.php\/wp-json\/wp\/v2\/product_tag?post=919"}],"curies":[{"name":"wp","href":"https:\/\/api.w.org\/{rel}","templated":true}]}}