{"id":912,"date":"2022-07-07T15:05:44","date_gmt":"2022-07-07T20:05:44","guid":{"rendered":"https:\/\/erotoys.pe\/?post_type=product&#038;p=912"},"modified":"2023-05-16T10:04:31","modified_gmt":"2023-05-16T15:04:31","slug":"glam-spades-kit-de-3-plugs-anales","status":"publish","type":"product","link":"https:\/\/erotoys.pe\/index.php\/producto\/glam-spades-kit-de-3-plugs-anales\/","title":{"rendered":"Glam Spades &#8211; Kit de 3 Plugs Anales"},"content":{"rendered":"<p>Este Kit de plug anales perfecto si t\u00fa y tu pareja son nuevos en el juego anal o prefieren un juego m\u00e1s suave. Para obtener la mejor experiencia, \u00fasalo con lubricante a base de agua.<\/p>\n<ul>\n<li>Dise\u00f1ado con una base redonda\u00a0 y una hermosa piedra preciosa de imitaci\u00f3n multicolor.<\/li>\n<li>Dise\u00f1ado con una punta c\u00f3nica para una f\u00e1cil inserci\u00f3n, y una base resistente para evitar la inserci\u00f3n excesiva y para una f\u00e1cil recuperaci\u00f3n.<\/li>\n<li>Hecho de silicona suave satinada segura para el cuerpo<\/li>\n<li>Dimensiones Insertables: S: 4.5 cm x 2.6 cm \/ M: 5.9 cm x 3.5 cm \/ L: 7.5 cm x 4.1 cm<\/li>\n<\/ul>\n","protected":false},"excerpt":{"rendered":"<p>PVP: S\/ 199.00<\/p>\n","protected":false},"featured_media":1032,"comment_status":"closed","ping_status":"closed","template":"","meta":[],"product_brand":[],"product_cat":[19],"product_tag":[40],"class_list":{"0":"post-912","1":"product","2":"type-product","3":"status-publish","4":"has-post-thumbnail","6":"product_cat-anales","7":"product_tag-ano","9":"first","10":"instock","11":"shipping-taxable","12":"product-type-simple"},"_links":{"self":[{"href":"https:\/\/erotoys.pe\/index.php\/wp-json\/wp\/v2\/product\/912","targetHints":{"allow":["GET"]}}],"collection":[{"href":"https:\/\/erotoys.pe\/index.php\/wp-json\/wp\/v2\/product"}],"about":[{"href":"https:\/\/erotoys.pe\/index.php\/wp-json\/wp\/v2\/types\/product"}],"replies":[{"embeddable":true,"href":"https:\/\/erotoys.pe\/index.php\/wp-json\/wp\/v2\/comments?post=912"}],"wp:featuredmedia":[{"embeddable":true,"href":"https:\/\/erotoys.pe\/index.php\/wp-json\/wp\/v2\/media\/1032"}],"wp:attachment":[{"href":"https:\/\/erotoys.pe\/index.php\/wp-json\/wp\/v2\/media?parent=912"}],"wp:term":[{"taxonomy":"product_brand","embeddable":true,"href":"https:\/\/erotoys.pe\/index.php\/wp-json\/wp\/v2\/product_brand?post=912"},{"taxonomy":"product_cat","embeddable":true,"href":"https:\/\/erotoys.pe\/index.php\/wp-json\/wp\/v2\/product_cat?post=912"},{"taxonomy":"product_tag","embeddable":true,"href":"https:\/\/erotoys.pe\/index.php\/wp-json\/wp\/v2\/product_tag?post=912"}],"curies":[{"name":"wp","href":"https:\/\/api.w.org\/{rel}","templated":true}]}}