{"id":570,"date":"2022-07-07T14:56:01","date_gmt":"2022-07-07T19:56:01","guid":{"rendered":"https:\/\/erotoys.pe\/?post_type=product&#038;p=570"},"modified":"2023-05-16T10:05:47","modified_gmt":"2023-05-16T15:05:47","slug":"renegade-paleta","status":"publish","type":"product","link":"https:\/\/erotoys.pe\/index.php\/producto\/renegade-paleta\/","title":{"rendered":"Renegade Paleta"},"content":{"rendered":"<p>La construcci\u00f3n de vinilo duradero lo hace f\u00e1cil de limpiar, f\u00e1cil de usar y perfecto para dominar.<\/p>\n<p>Dimensiones del producto: 32 x 6 x 0.5(cm)<\/p>\n","protected":false},"excerpt":{"rendered":"<p>PVP: S\/ 169.00<\/p>\n","protected":false},"featured_media":322,"comment_status":"closed","ping_status":"closed","template":"","meta":[],"product_brand":[],"product_cat":[24,17],"product_tag":[],"class_list":{"0":"post-570","1":"product","2":"type-product","3":"status-publish","4":"has-post-thumbnail","6":"product_cat-bdsm","7":"product_cat-en-pareja","9":"first","10":"instock","11":"shipping-taxable","12":"product-type-simple"},"_links":{"self":[{"href":"https:\/\/erotoys.pe\/index.php\/wp-json\/wp\/v2\/product\/570","targetHints":{"allow":["GET"]}}],"collection":[{"href":"https:\/\/erotoys.pe\/index.php\/wp-json\/wp\/v2\/product"}],"about":[{"href":"https:\/\/erotoys.pe\/index.php\/wp-json\/wp\/v2\/types\/product"}],"replies":[{"embeddable":true,"href":"https:\/\/erotoys.pe\/index.php\/wp-json\/wp\/v2\/comments?post=570"}],"wp:featuredmedia":[{"embeddable":true,"href":"https:\/\/erotoys.pe\/index.php\/wp-json\/wp\/v2\/media\/322"}],"wp:attachment":[{"href":"https:\/\/erotoys.pe\/index.php\/wp-json\/wp\/v2\/media?parent=570"}],"wp:term":[{"taxonomy":"product_brand","embeddable":true,"href":"https:\/\/erotoys.pe\/index.php\/wp-json\/wp\/v2\/product_brand?post=570"},{"taxonomy":"product_cat","embeddable":true,"href":"https:\/\/erotoys.pe\/index.php\/wp-json\/wp\/v2\/product_cat?post=570"},{"taxonomy":"product_tag","embeddable":true,"href":"https:\/\/erotoys.pe\/index.php\/wp-json\/wp\/v2\/product_tag?post=570"}],"curies":[{"name":"wp","href":"https:\/\/api.w.org\/{rel}","templated":true}]}}