{"id":553,"date":"2022-07-07T14:54:49","date_gmt":"2022-07-07T19:54:49","guid":{"rendered":"https:\/\/erotoys.pe\/?post_type=product&#038;p=553"},"modified":"2023-05-16T10:06:02","modified_gmt":"2023-05-16T15:06:02","slug":"temptasia-bling-plug-anal","status":"publish","type":"product","link":"https:\/\/erotoys.pe\/index.php\/producto\/temptasia-bling-plug-anal\/","title":{"rendered":"Temptasia &#8211; Bling Plug Anal"},"content":{"rendered":"<p>Temptasia Bling Plug es perfecto si t\u00fa y tu pareja son nuevos en el juego anal o prefieren un juego anal m\u00e1s suave. Para obtener la mejor experiencia, \u00fasalo con lubricante a base de agua.<\/p>\n<ul>\n<li>Dise\u00f1ado con una base en forma de coraz\u00f3n y una hermosa piedra preciosa de imitaci\u00f3n de color blanco.<\/li>\n<li>Dise\u00f1ado con una punta c\u00f3nica para una f\u00e1cil inserci\u00f3n, y una base resistente para evitar la inserci\u00f3n excesiva y para una f\u00e1cil recuperaci\u00f3n.<\/li>\n<li>Hecho de silicona suave satinada segura para el cuerpo<\/li>\n<li>Dimensiones: 7.62 cm de largo (6.60 cm insertables) x 2.54 cm de ancho<\/li>\n<\/ul>\n","protected":false},"excerpt":{"rendered":"<p>PVP: S\/ 129.00<\/p>\n","protected":false},"featured_media":238,"comment_status":"closed","ping_status":"closed","template":"","meta":[],"product_brand":[],"product_cat":[19],"product_tag":[40],"class_list":{"0":"post-553","1":"product","2":"type-product","3":"status-publish","4":"has-post-thumbnail","6":"product_cat-anales","7":"product_tag-ano","9":"first","10":"instock","11":"shipping-taxable","12":"product-type-simple"},"_links":{"self":[{"href":"https:\/\/erotoys.pe\/index.php\/wp-json\/wp\/v2\/product\/553","targetHints":{"allow":["GET"]}}],"collection":[{"href":"https:\/\/erotoys.pe\/index.php\/wp-json\/wp\/v2\/product"}],"about":[{"href":"https:\/\/erotoys.pe\/index.php\/wp-json\/wp\/v2\/types\/product"}],"replies":[{"embeddable":true,"href":"https:\/\/erotoys.pe\/index.php\/wp-json\/wp\/v2\/comments?post=553"}],"wp:featuredmedia":[{"embeddable":true,"href":"https:\/\/erotoys.pe\/index.php\/wp-json\/wp\/v2\/media\/238"}],"wp:attachment":[{"href":"https:\/\/erotoys.pe\/index.php\/wp-json\/wp\/v2\/media?parent=553"}],"wp:term":[{"taxonomy":"product_brand","embeddable":true,"href":"https:\/\/erotoys.pe\/index.php\/wp-json\/wp\/v2\/product_brand?post=553"},{"taxonomy":"product_cat","embeddable":true,"href":"https:\/\/erotoys.pe\/index.php\/wp-json\/wp\/v2\/product_cat?post=553"},{"taxonomy":"product_tag","embeddable":true,"href":"https:\/\/erotoys.pe\/index.php\/wp-json\/wp\/v2\/product_tag?post=553"}],"curies":[{"name":"wp","href":"https:\/\/api.w.org\/{rel}","templated":true}]}}