{"id":532,"date":"2022-07-07T14:54:48","date_gmt":"2022-07-07T19:54:48","guid":{"rendered":"https:\/\/erotoys.pe\/?post_type=product&#038;p=532"},"modified":"2023-05-16T10:06:21","modified_gmt":"2023-05-16T15:06:21","slug":"satisfyer-kegel-balls","status":"publish","type":"product","link":"https:\/\/erotoys.pe\/index.php\/producto\/satisfyer-kegel-balls\/","title":{"rendered":"Satisfyer Kegel Balls"},"content":{"rendered":"<p>El entrenamiento del suelo p\u00e9lvico fortalece los m\u00fasculos para conseguir orgasmos m\u00e1s intensos.<br \/>\nMayor diversi\u00f3n para t\u00ed y tu pareja durante el sexo gracias a las contracciones del suelo p\u00e9lvico.<br \/>\nEl interior oscilante crea un efecto de vibraci\u00f3n.<\/p>\n<ul>\n<li>Los Satisfyer Power Balls vienen en un tr\u00edo con distintos pesos: 60 gr; 75.6 gr; 91.6 gr.<\/li>\n<li>Hecho de silicona supersuave y segura para el cuerpo.<\/li>\n<li>F\u00e1cil de limpiar.<\/li>\n<li>La tira facilita la colocaci\u00f3n y extracci\u00f3n.<\/li>\n<\/ul>\n<p>Es suficiente con 15 minutos al d\u00eda. Puedes llevar las bolas c\u00f3modamente durante tus actividades diarias.<\/p>\n<p>Para el entrenamiento, el complemento ideal ser\u00eda una peque\u00f1a cantidad de lubricante. Antes y despu\u00e9s de cada uso, tambi\u00e9n aconsejamos una limpieza con agua tibia y jab\u00f3n suave.<\/p>\n","protected":false},"excerpt":{"rendered":"<p>PVP: S\/ 239<\/p>\n","protected":false},"featured_media":143,"comment_status":"closed","ping_status":"closed","template":"","meta":[],"product_brand":[],"product_cat":[42],"product_tag":[27,35],"class_list":{"0":"post-532","1":"product","2":"type-product","3":"status-publish","4":"has-post-thumbnail","6":"product_cat-kegels","7":"product_tag-satisfyer","8":"product_tag-vulva","10":"first","11":"instock","12":"shipping-taxable","13":"product-type-simple"},"_links":{"self":[{"href":"https:\/\/erotoys.pe\/index.php\/wp-json\/wp\/v2\/product\/532","targetHints":{"allow":["GET"]}}],"collection":[{"href":"https:\/\/erotoys.pe\/index.php\/wp-json\/wp\/v2\/product"}],"about":[{"href":"https:\/\/erotoys.pe\/index.php\/wp-json\/wp\/v2\/types\/product"}],"replies":[{"embeddable":true,"href":"https:\/\/erotoys.pe\/index.php\/wp-json\/wp\/v2\/comments?post=532"}],"wp:featuredmedia":[{"embeddable":true,"href":"https:\/\/erotoys.pe\/index.php\/wp-json\/wp\/v2\/media\/143"}],"wp:attachment":[{"href":"https:\/\/erotoys.pe\/index.php\/wp-json\/wp\/v2\/media?parent=532"}],"wp:term":[{"taxonomy":"product_brand","embeddable":true,"href":"https:\/\/erotoys.pe\/index.php\/wp-json\/wp\/v2\/product_brand?post=532"},{"taxonomy":"product_cat","embeddable":true,"href":"https:\/\/erotoys.pe\/index.php\/wp-json\/wp\/v2\/product_cat?post=532"},{"taxonomy":"product_tag","embeddable":true,"href":"https:\/\/erotoys.pe\/index.php\/wp-json\/wp\/v2\/product_tag?post=532"}],"curies":[{"name":"wp","href":"https:\/\/api.w.org\/{rel}","templated":true}]}}