{"id":1079,"date":"2022-07-07T15:10:22","date_gmt":"2022-07-07T20:10:22","guid":{"rendered":"https:\/\/erotoys.pe\/?post_type=product&#038;p=1079"},"modified":"2023-05-16T10:00:27","modified_gmt":"2023-05-16T15:00:27","slug":"svakom-hedy-x","status":"publish","type":"product","link":"https:\/\/erotoys.pe\/index.php\/producto\/svakom-hedy-x\/","title":{"rendered":"Svakom Hedy X"},"content":{"rendered":"<p data-spm-anchor-id=\"a2g0o.detail.1000023.i0.4747174foCVpFl\">La serie Hedy X es una colecci\u00f3n de 5 fundas masturbadoras, cada una cuidadosamente dise\u00f1ada con un interior \u00fanico para una experiencia suprema. El material ultrasuave mezclado con una estructura firme se adapta a todos los tama\u00f1os y satisface todos los deseos. Una vida \u00fatil extendida de 10 usos por manga los hace los m\u00e1s duraderos de su categor\u00eda.<\/p>\n<ul>\n<li>5 texturas \u00fanicas que te llevar\u00e1n a un nuevo nivel.<\/li>\n<li>\u00a0La estructura de doble cara brinda doble brillo.<\/li>\n<li>Material ultra suave con toque realista.<\/li>\n<li>Reutilizable hasta 10 veces.<\/li>\n<li>Material grueso para una sensaci\u00f3n m\u00e1s realista.<\/li>\n<li>El\u00e1stico: talla \u00fanica.<\/li>\n<li>Apariencia discreta.<\/li>\n<li>F\u00e1cil de limpiar: funda con auto drenaje.<\/li>\n<li>Tubo de lubricante incluido con cada pieza.<\/li>\n<\/ul>\n","protected":false},"excerpt":{"rendered":"<p>PVP: S\/ 179.00<\/p>\n","protected":false},"featured_media":1184,"comment_status":"closed","ping_status":"closed","template":"","meta":[],"product_brand":[],"product_cat":[21],"product_tag":[43,28],"class_list":{"0":"post-1079","1":"product","2":"type-product","3":"status-publish","4":"has-post-thumbnail","6":"product_cat-masturbadores","7":"product_tag-pene","8":"product_tag-svakom","10":"first","11":"instock","12":"shipping-taxable","13":"product-type-simple"},"_links":{"self":[{"href":"https:\/\/erotoys.pe\/index.php\/wp-json\/wp\/v2\/product\/1079","targetHints":{"allow":["GET"]}}],"collection":[{"href":"https:\/\/erotoys.pe\/index.php\/wp-json\/wp\/v2\/product"}],"about":[{"href":"https:\/\/erotoys.pe\/index.php\/wp-json\/wp\/v2\/types\/product"}],"replies":[{"embeddable":true,"href":"https:\/\/erotoys.pe\/index.php\/wp-json\/wp\/v2\/comments?post=1079"}],"wp:featuredmedia":[{"embeddable":true,"href":"https:\/\/erotoys.pe\/index.php\/wp-json\/wp\/v2\/media\/1184"}],"wp:attachment":[{"href":"https:\/\/erotoys.pe\/index.php\/wp-json\/wp\/v2\/media?parent=1079"}],"wp:term":[{"taxonomy":"product_brand","embeddable":true,"href":"https:\/\/erotoys.pe\/index.php\/wp-json\/wp\/v2\/product_brand?post=1079"},{"taxonomy":"product_cat","embeddable":true,"href":"https:\/\/erotoys.pe\/index.php\/wp-json\/wp\/v2\/product_cat?post=1079"},{"taxonomy":"product_tag","embeddable":true,"href":"https:\/\/erotoys.pe\/index.php\/wp-json\/wp\/v2\/product_tag?post=1079"}],"curies":[{"name":"wp","href":"https:\/\/api.w.org\/{rel}","templated":true}]}}