{"id":1060,"date":"2022-07-07T15:09:55","date_gmt":"2022-07-07T20:09:55","guid":{"rendered":"https:\/\/erotoys.pe\/?post_type=product&#038;p=1060"},"modified":"2023-05-16T10:00:47","modified_gmt":"2023-05-16T15:00:47","slug":"svakom-vick-neo-con-app","status":"publish","type":"product","link":"https:\/\/erotoys.pe\/index.php\/producto\/svakom-vick-neo-con-app\/","title":{"rendered":"Svakom Vick Neo con App"},"content":{"rendered":"<p>Vick Neo es un masajeador prost\u00e1tico con dise\u00f1o ergon\u00f3mico que est\u00e1 fabricado en silicona suave y segura para el cuerpo, que se adapta a la perfeccci\u00f3n para estimular la pr\u00f3stata y el perineo. Vick Neo encaja genial en su lugar, brind\u00e1ndote la opci\u00f3n de \u00abmanos libres\u00bb para poder tocar, acariciar y masajear.<\/p>\n<ul>\n<li>Compatible con la app gratuita FeelConnect 3, disponible para Google Play y App Store.<\/li>\n<li>Mediante la app podr\u00e1s crear tus propios patrones de vibraci\u00f3n, e incluso cederle el control a tu pareja, as\u00ed est\u00e9 al otro lado del mundo.<\/li>\n<li>7 modos de vibraci\u00f3n y 5 niveles de intensidad en cada modo al usarlo sin app.<\/li>\n<li>Tiempo de carga: 1 hora.<\/li>\n<li>Tiempo de uso: 1 hora.<\/li>\n<li>Medidas: 2,7 cm x 9 cm x 9.2 cm<\/li>\n<li>Impermeable (IPX7), puedes sumergirlo hasta 1 metro de profundidad, por hasta 30 minutos de uso.<\/li>\n<li>Hecho de silicona suave y segura para el cuerpo.<\/li>\n<li>Recargable mediante el cable USB incluido.<\/li>\n<\/ul>\n","protected":false},"excerpt":{"rendered":"<p>PVP: S\/ 319.00<\/p>\n","protected":false},"featured_media":1161,"comment_status":"closed","ping_status":"closed","template":"","meta":[],"product_brand":[],"product_cat":[19,25],"product_tag":[40,34,28],"class_list":{"0":"post-1060","1":"product","2":"type-product","3":"status-publish","4":"has-post-thumbnail","6":"product_cat-anales","7":"product_cat-app","8":"product_tag-ano","9":"product_tag-julio","10":"product_tag-svakom","12":"first","13":"instock","14":"shipping-taxable","15":"product-type-simple"},"_links":{"self":[{"href":"https:\/\/erotoys.pe\/index.php\/wp-json\/wp\/v2\/product\/1060","targetHints":{"allow":["GET"]}}],"collection":[{"href":"https:\/\/erotoys.pe\/index.php\/wp-json\/wp\/v2\/product"}],"about":[{"href":"https:\/\/erotoys.pe\/index.php\/wp-json\/wp\/v2\/types\/product"}],"replies":[{"embeddable":true,"href":"https:\/\/erotoys.pe\/index.php\/wp-json\/wp\/v2\/comments?post=1060"}],"wp:featuredmedia":[{"embeddable":true,"href":"https:\/\/erotoys.pe\/index.php\/wp-json\/wp\/v2\/media\/1161"}],"wp:attachment":[{"href":"https:\/\/erotoys.pe\/index.php\/wp-json\/wp\/v2\/media?parent=1060"}],"wp:term":[{"taxonomy":"product_brand","embeddable":true,"href":"https:\/\/erotoys.pe\/index.php\/wp-json\/wp\/v2\/product_brand?post=1060"},{"taxonomy":"product_cat","embeddable":true,"href":"https:\/\/erotoys.pe\/index.php\/wp-json\/wp\/v2\/product_cat?post=1060"},{"taxonomy":"product_tag","embeddable":true,"href":"https:\/\/erotoys.pe\/index.php\/wp-json\/wp\/v2\/product_tag?post=1060"}],"curies":[{"name":"wp","href":"https:\/\/api.w.org\/{rel}","templated":true}]}}