{"id":1059,"date":"2022-07-07T15:09:55","date_gmt":"2022-07-07T20:09:55","guid":{"rendered":"https:\/\/erotoys.pe\/?post_type=product&#038;p=1059"},"modified":"2023-05-16T10:00:52","modified_gmt":"2023-05-16T15:00:52","slug":"svakom-cici","status":"publish","type":"product","link":"https:\/\/erotoys.pe\/index.php\/producto\/svakom-cici\/","title":{"rendered":"Svakom Cici"},"content":{"rendered":"<p>Cici es un vibrador de cabezal flexible que te permitir\u00e1 estimular tanto el cl\u00edtoris, como la zona G, y los pezones. A pesar del tama\u00f1o peque\u00f1o de Cici, el motor est\u00e1 a la altura de tus deseos m\u00e1s fuertes.<\/p>\n<ul>\n<li>5 modos de vibraci\u00f3n y 5 niveles de intensidad en cada modo.<\/li>\n<li>Cabezal flexible para usar en cualquier \u00e1ngulo.<\/li>\n<li>Impermeable (IPX7), puedes sumergirlo hasta 1 metro de profundidad, por hasta 30 minutos de uso.<\/li>\n<li>Hecho de silicona suave y segura para el cuerpo.<\/li>\n<li>Recargable mediante el cable USB incluido.<\/li>\n<li>Tiempo de carga: 2 horas<\/li>\n<li>Uso continuo m\u00e1ximo: 4 horas<\/li>\n<li>Medidas: Longitud total 18,2 cm x 2,5 cm de di\u00e1metro.<\/li>\n<\/ul>\n","protected":false},"excerpt":{"rendered":"<p>PVP: S\/ 279.00<\/p>\n","protected":false},"featured_media":1156,"comment_status":"closed","ping_status":"closed","template":"","meta":[],"product_brand":[],"product_cat":[37],"product_tag":[28,35],"class_list":{"0":"post-1059","1":"product","2":"type-product","3":"status-publish","4":"has-post-thumbnail","6":"product_cat-vibradores-externos","7":"product_tag-svakom","8":"product_tag-vulva","10":"first","11":"instock","12":"shipping-taxable","13":"product-type-simple"},"_links":{"self":[{"href":"https:\/\/erotoys.pe\/index.php\/wp-json\/wp\/v2\/product\/1059","targetHints":{"allow":["GET"]}}],"collection":[{"href":"https:\/\/erotoys.pe\/index.php\/wp-json\/wp\/v2\/product"}],"about":[{"href":"https:\/\/erotoys.pe\/index.php\/wp-json\/wp\/v2\/types\/product"}],"replies":[{"embeddable":true,"href":"https:\/\/erotoys.pe\/index.php\/wp-json\/wp\/v2\/comments?post=1059"}],"wp:featuredmedia":[{"embeddable":true,"href":"https:\/\/erotoys.pe\/index.php\/wp-json\/wp\/v2\/media\/1156"}],"wp:attachment":[{"href":"https:\/\/erotoys.pe\/index.php\/wp-json\/wp\/v2\/media?parent=1059"}],"wp:term":[{"taxonomy":"product_brand","embeddable":true,"href":"https:\/\/erotoys.pe\/index.php\/wp-json\/wp\/v2\/product_brand?post=1059"},{"taxonomy":"product_cat","embeddable":true,"href":"https:\/\/erotoys.pe\/index.php\/wp-json\/wp\/v2\/product_cat?post=1059"},{"taxonomy":"product_tag","embeddable":true,"href":"https:\/\/erotoys.pe\/index.php\/wp-json\/wp\/v2\/product_tag?post=1059"}],"curies":[{"name":"wp","href":"https:\/\/api.w.org\/{rel}","templated":true}]}}