{"id":1027,"date":"2022-07-07T15:08:47","date_gmt":"2022-07-07T20:08:47","guid":{"rendered":"https:\/\/erotoys.pe\/?post_type=product&#038;p=1027"},"modified":"2023-05-16T10:03:27","modified_gmt":"2023-05-16T15:03:27","slug":"paleta-bitch-ouch","status":"publish","type":"product","link":"https:\/\/erotoys.pe\/index.php\/producto\/paleta-bitch-ouch\/","title":{"rendered":"Paleta BITCH &#8211; Ouch!"},"content":{"rendered":"<p>\u00a1Deja una impresi\u00f3n duradera! La palabra BITCH est\u00e1 al rev\u00e9s, por lo que aparecer\u00e1 en su piel. Hecho de cuero cosido firme pero flexible.<\/p>\n","protected":false},"excerpt":{"rendered":"<p>PVP: S\/ 99.00<\/p>\n","protected":false},"featured_media":1119,"comment_status":"closed","ping_status":"closed","template":"","meta":[],"product_brand":[],"product_cat":[24],"product_tag":[48],"class_list":{"0":"post-1027","1":"product","2":"type-product","3":"status-publish","4":"has-post-thumbnail","6":"product_cat-bdsm","7":"product_tag-bdsm","9":"first","10":"instock","11":"shipping-taxable","12":"product-type-simple"},"_links":{"self":[{"href":"https:\/\/erotoys.pe\/index.php\/wp-json\/wp\/v2\/product\/1027","targetHints":{"allow":["GET"]}}],"collection":[{"href":"https:\/\/erotoys.pe\/index.php\/wp-json\/wp\/v2\/product"}],"about":[{"href":"https:\/\/erotoys.pe\/index.php\/wp-json\/wp\/v2\/types\/product"}],"replies":[{"embeddable":true,"href":"https:\/\/erotoys.pe\/index.php\/wp-json\/wp\/v2\/comments?post=1027"}],"wp:featuredmedia":[{"embeddable":true,"href":"https:\/\/erotoys.pe\/index.php\/wp-json\/wp\/v2\/media\/1119"}],"wp:attachment":[{"href":"https:\/\/erotoys.pe\/index.php\/wp-json\/wp\/v2\/media?parent=1027"}],"wp:term":[{"taxonomy":"product_brand","embeddable":true,"href":"https:\/\/erotoys.pe\/index.php\/wp-json\/wp\/v2\/product_brand?post=1027"},{"taxonomy":"product_cat","embeddable":true,"href":"https:\/\/erotoys.pe\/index.php\/wp-json\/wp\/v2\/product_cat?post=1027"},{"taxonomy":"product_tag","embeddable":true,"href":"https:\/\/erotoys.pe\/index.php\/wp-json\/wp\/v2\/product_tag?post=1027"}],"curies":[{"name":"wp","href":"https:\/\/api.w.org\/{rel}","templated":true}]}}